 + (-164 - -144)?
-7
What is the value of -11 + (-30 - (-47 - -15))?
-9
What is the value of -4 - (9 + -5 + (0 - 8))?
0
What is the value of (-4 - 16) + 13 + (-3 + 2 - 31)?
-39
What is the value of (-4 - -2) + (-11 + 4 - -11)?
2
What is 4 + -13 + (167 - 168)?
-10
(-4 - (-4 - (-6 + 5))) + -4 + -2
-7
Evaluate (2 - 28 - -17) + -7 + 4.
-12
Calculate -18 - (25 + -13 - 33).
3
Evaluate 10 - 4 - (9 - (8 - 28 - 0)).
-23
Calculate -21 + 9 - (-4 + 0 - -6).
-14
Evaluate -3 - (1 + (-1 - 6) + (499 - 521)).
25
1 + 2 + (688 - 713)
-22
What is the value of -1 - -8 - (9 - (1 - 1 - -4))?
2
Evaluate 15 + 5 + 30 + -35.
15
Evaluate 96 + -101 - ((-3 - -9) + 3).
-14
8 + (-58 - -29) + 33
12
What is the value of (2 + 4 - -4) + 32 + -49?
-7
Calculate 2 + 16 + (-11 - (-2 + (-13 - -8))).
14
What is (24 - 5) + (6 - 22 - -7) - -16?
26
Evaluate (-9 - -8 - -7) + -15.
-9
Calculate -17 + 1 + 7 + -6 - -14.
-1
What is the value of (10 - 2) + (-57 - -43) + (-11 - -2)?
-15
What is the value of 4 - (7 - 7 - (0 - (-3 + 2)))?
5
Evaluate 2 + -8 + 14 + -7 + -11 + 2.
-8
What is 67 + (9 - 90) + 11 + 0?
-3
What is the value of (-16 + 17 - (0 + 4)) + (7 - -1)?
5
-2 + 4 - (-1 + 1 + 4) - 5
-7
What is 4 + 3 + (-13 - (3 - 4))?
-5
Calculate 4 + (23 - 31) - -20.
16
Calculate 10 + 5 + -5 + -4 + 12.
18
What is the value of -22 + -18 + 32 + 18?
10
-2 + (2 - 13) + 17 + (-3 - -5)
6
What is the value of -30 + (31 - 51) + 29?
-21
What is the value of 12 - (-6 + (8 - 1))?
11
What is the value of (-2 - 0 - (-38 + 36)) + -15 + -2?
-17
Calculate 1 + (-1 - -4) - (4 - 0) - 1.
-1
2 - (7 + (-6 - 0 - -4) - -17)
-20
What is the value of -3 + -1 + (-1 + 1 - (14 - 13))?
-5
What is (-10 - 1) + 2 + 12?
3
8907 + -8891 - (0 - (-47 - 1))
-32
Calculate 19 - (-2 - -9 - -7).
5
(-5 - -2) + -26 + 63
34
Evaluate 4 + (9 - 16) - -11 - (0 - 1).
9
What is the value of 5 - (0 + -12 - -28)?
-11
-7 + 4 + -9 + 0 - 5
-17
Calculate -1 + -16 + (7 - 1) + -2.
-13
Calculate (-9 - -28) + -8 + 15.
26
-6 + (-8 - -9) + -2 + 6
-1
-6 + (-1 - (6 - -2)) + (53 - 10)
28
What is the value of -5 - 0 - (3 - (27 + -8 + 3))?
14
What is -4 + -2 - (-17 + 14 - 9 - 2)?
8
Calculate 2 - (10 - 7) - 0 - 2.
-3
What is 11 + -18 + 27 - 37?
-17
Evaluate -4 + 10 + (9 - 3) + -12 - -20.
20
What is the value of (-8 - (9 + (-4 - 6))) + 8 + 3?
4
What is the value of -10 - (27 - 12 - 8) - 7?
-24
What is the value of 3 + -2 + 1 + 670 + -669?
3
What is the value of 15 + 7 + -4 + -12 + -16?
-10
What is -7 + ((4 - 4 - -2) + -8 - -2)?
-11
Calculate -3 + (8 - (-5 - -1 - (-1 + -8))).
0
What is -22 + (-11 - (-9 - 1)) + 2 - -11?
-10
2 + 2 + -4 + 2 - (-20 + 13)
9
What is 87 + (-80 - 22) + (37 - 0)?
22
-10 + (-2 - -9) + 4 - 1
0
-33 + 3 + 35 + -36
-31
Evaluate -46 - -41 - (-19 - 0).
14
What is the value of 17 + 3 + -7 - (2 + 0)?
11
Calculate -8 + 20 + -3 + -5 - (-4 - 6).
14
Evaluate (6 - (-6 + 0)) + -13 + -1.
-2
What is -1 - ((0 - -5) + 13 + 6 + -30)?
5
What is -29 + 40 + -17 + 18?
12
Evaluate 6 - ((0 - 1) + -1 - (-16 - -15)).
7
Evaluate 68 + -95 - (0 + -3 - 7).
-17
Calculate (0 + 3 - 2 - 1) + -15 - -3.
-12
Evaluate (-7 - (-6 - -1)) + -3 + 0 - 7.
-12
Evaluate -8 + (4 + (22 - 22) - (0 + -36)).
32
What is the value of -6 + 34 + (5 - (6 - 0)) + -10?
17
What is -18 + 1 + (60 - 49)?
-6
What is -7 + 22 + 20 - 18?
17
What is the value of 6 + (0 - 5) + -3 + -22 + 39?
15
Evaluate 5 + -14 + (-21 - -12 - -8 - 7).
-17
Calculate -9 + 0 - (11 - 21 - -5).
-4
Calculate (-6 + 14 - 5) + (2 - 0).
5
What is the value of 5 - -5 - -4 - 4 - -11?
21
Calculate -15 - (-16 + 3 + -17).
15
Evaluate (20 - -3 - 1) + (-33 - -23).
12
Calculate (-35 - -16) + 20 - (-1 + -2).
4
What is -2 + 5 + -14 + 18?
7
Calculate -42 + 43 + (-2 - 4) - (-24 + 5).
14
What is 9 - 1 - (68 + -70)?
10
What is the value of -3 + 2 + 2 + 8 + -14 + 16?
11
What is the value of (-2 - 0 - (-47 + 63)) + 5 + -5?
-18
What is (5 - -1) + (-52 - (-48 + 14))?
-12
Evaluate 8 + (18 - 32) + 11.
5
Evaluate (8 - (12 + 11 + -11 + -4)) + -13.
-13
Evaluate -4 + -18 + 4 + 8 + -14.
-24
What is 6 + (-21 - -32 - 13)?
4
What is 0 + 0 + 7 + -20 + -1 + 10?
-4
Evaluate (5 - 0) + 3 + -6 - 14.
-12
Calculate -4 + 8 - (13 + -1).
-8
Calculate (18 - (-2 + 6)) + -11 + 9.
12
What is the value of -8 + -3 + 4 + -1?
-8
Calculate 1 - -10 - (30 + -11 - 4).
-4
What is (-27 - -6) + -145 + 158?
-8
Calculate (1 - (-2 + 11)) + (9 - -4) + 22.
27
Calculate (-24 - -59) + -19 - 17.
-1
What is the value of (11 - 3) + 0 + -3 + -5?
0
11 + -20 - -10 - -2 - -11
14
What is 8 + ((-3 - (-11 + 8)) + -3 - 10)?
-5
Calculate 47 - 43 - (1 + 5 - (1 - -2)).
1
What is the value of -5 - (11 + -8 + 0 + 1 + 0)?
-9
What is 0 + (0 - 3 - (-3 + -14 + 16))?
-2
Calculate (-17 - -26) + 7 + -20.
-4
What is -9 + (7 - (27 + (2 - 10))) + -11?
-32
Calculate (-14 - -28 - (1 + -16)) + (-4 - 0).
25
Calculate (33 - (-1 + -1)) + -2144 + 2142.
33
2 + (-3 + 11 - 6) - (3 - 9)
10
Calculate 2 + (1 - 3) + (916 - 920).
-4
Calculate 11 - (-18 + 39 - 32).
22
Calculate -14 + (-8 - (-21 + 13)).
-14
What is (-15 - -4) + 6 + 40 + -15?
20
Evaluate (-9 + -3 - -28) + -21.
-5
Calculate -1 + 1 + 2 + 814 + -828.
-12
Calculate 2 - 8 - (82 - 80).
-8
(5 - 3) + -10 + -234 + 222
-20
What is the value of 1 + -1 + 6 + (-10 - -8) + -4?
0
What is -25 - -4 - (-6 + 7)?
-22
What is the value of -8 + (-18 + 0 + 19 - 13)?
-20
Calculate -9 - (24 + -9) - (-5 - (-1 - 1)).
-21
Calculate (-7 - 2) + 1 - (10 + -32 - -16).
-2
10 + -3 + -5 - (-10 - 0)
12
2 - (-3 + (3 - -8))
-6
What is the value of -48 + -1 - (520 + -534)?
-35
What is 21 + -1 - (0 - -1 - (12 + -15))?
16
Calculate -8 + 1 - (54 + -64).
3
What is -6 + (5 - 2) - -18 - 7?
8
-21 + 28 + -16 - 5
-14
42 + -7 - 24 - 9
2
-16 - -7 - -3 - ((-5 - -1) + 9)
-11
Evaluate -1 + 2 + 4 - (4 + -1 + -2).
4
-5 + (3 - (-7 - -6) - 17) - -7
-11
What is 1 + -3 + (-28 - -1) + 337 + -312?
-4
What is -33 - (22 - 11 - 23 - 1)?
-20
What is the value of (-7 - 0 - (123 + -120)) + 49?
39
What is (-10 - (11 + (-14 + 10 - 5))) + 32?
20
21 + (-7 - -10 - 21)
3
Calculate 9 + (-5 + 1 + -4 - 7).
-6
What is (4 - (-3 + -9)) + (4 - -4)?
24
What is the value of -5 + (21 - 36) + 23?
3
Evaluate (612 - 618) + (1 + 2 - (1 - 0)).
-4
Evaluate (-8 + 0 - (-4 + 10 - 14)) + -10.
-10
What is (-11 - ((-5 - 0) + 9)) + 0?
-15
Evaluate -9 + (-6 - -4) + (-58 - -72).
3
What is (-35 - -23) + 4 + (-2 - -1)?
-9
What is the value of -18 - (2 + (-15 - 11) - -15)?
-9
Evaluate -13 + -6 + 15 + (0 + 1 - 4).
-7
(3 - ((-5 - -9) + -7 + 7)) + -1
-2
Calculate (4 - 3) + (4 - (-5 + -4)) - 4.
10
What is 2 - (-9 + 1 + 9 - 3)?
4
Evaluate (0 - -7) + -25 + (23 - -4).
9
Evaluate (-427 - -403) + (26 - 1).
1
What is the value of (-1 - 6) + 6 + (3 - (13 + 0))?
-11
Calculate 25 + -21 + 16 - 7 - 14.
-1
-2 - ((0 - -4 - (-13 + 19)) + 19)
-19
Calculate -7 + (11 - (5 + 2)).
-3
What is the value of -5 + 7 - 14 - -10 - 0?
-2
What is the value of (13 - 0) + -3 + 2 - (281 - 286)?
17
Evaluate (5 - (4 + 5 + 0)) + 3.
-1
Evaluate 6 + -5 + (6 - 7) + 4 - -8.
12
(32 - -1) + (-14 - -28) + -18 + 6
35
What is (-28 - -27) + (-13 - (-3 - -2)) + -7?
-20
7 + (-16 - 1 - (9 + -13)) + 2
-4
Calculate 16 - 9 - (-17 - (-11 + -9)).
4
(12 - -2 - -7) + (0 + -14 - -17)
24
Evaluate -244 - -253 - (1 + 6).
2
Evaluate (0 - 12 - (44 + -65)) + 1.
10
27 + 5 + 3 + -24
11
-1 - (3 - ((-45 - -40) + (0 - 4)))
-13
Evaluate 2 + 0 + -10 + (2 - -6 - 7).
-7
Calculate (-4 - -2 - -1) + 23 + -26.
-4
What is 8 - ((-4 - -23) + -7 + 1)?
-5
Calculate 136 + -124 - (-6 + -2 - -3).
17
Calculate -6 + -4 + -26 + 21 + (2 - -8).
-5
What is the value of (-14 - -24) + -12 + -1?
-3
What is the value of 0 - (3 + -1 + 1)?
-3
What is -20 - (27 + (-46 - -9))?
-10
Calculate -1 + -10 - -2 - (31 + -37).
-3
What is the value of 14 + 2 + 30 - (10 - -6)?
30
-71 + 84 + -28 + (11 - 0)
-4
What is the value of (4 - (14 + -8) - (9 - 1)) + -1?
-11
What is the value of 16 + -8 + -6 + (-4 - (-3 - -4))?
-3
Calculate 7 + -5 + (-11 - 0) + -7.
-16
Evaluate ((-7 - (-9 - -2)) + 2 - -5) + 2.
9
What is (-16 - -8) + (18 - (2 + 1))?
7
Calculate (2 - 0) + -78 + 49 + 10.
-17
What is the value of -13 - (-16 + -6) - 3 - 1?
5
What is -3 + (-3 - 0) + 0 + 5 + 12?
11
Evaluate 14 - (-3 + (-7 - -24)).
0
Evaluate (5 - 24) + 21 - 15.
-13
10 - -17 - (14 - (-4 - -10)) - -7
26
What is (12 - (39 - 2)) + -1 + 4?
-22
Evaluate 2 - (1 - 4) - (-7 - -6).
6
Calculate 19 + (4 - (17 + -9)) + -5.
10
Wha